 2*a + 62 = 0, -5*n + 53 = -a - 55. Calculate the highest common factor of o and n.
22
Let q(d) = -d - 3. Let o be q(-5). Suppose 4*p - 8 = m, o*p = -2*p - 5*m + 32. Calculate the highest common factor of 1 and p.
1
Let m be (-2)/(-8) - 30/(-8). Let n = 6 - m. Let x be 0 + (0 - -16) + n. What is the highest common factor of 126 and x?
18
Let a = 4 - -1. Suppose 2*m = a*u, -5*m - 5*u = -2*u. Suppose 0 = 3*f - m*f - 39. What is the greatest common divisor of 91 and f?
13
Let b be -1*(149*16)/(-2). Suppose b = -3*d + 442. Let i be d/(-6) + 4/12. What is the highest common divisor of 6 and i?
6
Suppose o - 22 = -3*s, 2*o + 2*o - 16 = 0. Let a(r) = 12*r**2 - r + 3. Let d be a(3). Suppose -h + d = h. Calculate the greatest common divisor of h and s.
6
Suppose -3*v - v + 28 = 0. What is the greatest common divisor of 35 and v?
7
Let d(l) = 2*l**2 + 9*l + 11. Let h be d(-5). What is the highest common factor of 24 and h?
8
Let u = 14 - -1. Let h = 89 + -20. Suppose 3*y + 3*i - 165 = 0, -4*y + 4*i + 191 = -h. What is the greatest common factor of y and u?
15
Let p be ((-24)/14)/((-12)/(-126)). Let t be (-4)/p + (-133)/(-9). What is the greatest common divisor of 30 and t?
15
Let z be 1 - 9/(-1 + -2). Let j be 4/3 + z/6. Let k = 2 + j. What is the greatest common factor of k and 8?
4
Let f = -13 + 10. Let o = 2 - f. What is the highest common factor of o and 45?
5
Let y = -3 + 55. What is the highest common divisor of y and 4?
4
Let a be (-1)/(21/(-6)) + (-966)/(-49). What is the greatest common divisor of 8 and a?
4
Let j(h) = h**2 - 3*h. Let l be j(-6). Calculate the highest common divisor of 6 and l.
6
Suppose 11 = 5*r - 9. Suppose 0 = -p + r*p - 45. Let d be 0/(1 - 4) + p. What is the greatest common divisor of 10 and d?
5
Let o = 4 + -4. Suppose -6 = -3*n - o. Suppose -d - 52 = -4*q - 3*d, -n*d - 3 = -q. Calculate the highest common divisor of q and 33.
11
Let n(v) = -36*v**3 - v - 1. Let x be n(-1). Suppose -2*q - 3*c = 3*q - 33, 5*c + 38 = 2*q. Calculate the greatest common divisor of x and q.
9
Suppose 3*t + 10 - 25 = 0. Suppose 5 = v - t. Suppose -3*k - 100 = -5*k. What is the highest common divisor of k and v?
10
Let b be 168/2 + 1/(1/4). Let c = 0 - -8. What is the highest common divisor of c and b?
8
Suppose -3*y = -5*y + 20. Suppose -2*k - 9 = -69. What is the greatest common factor of y and k?
10
Let v be ((-1)/(-2))/((-3)/(-6)). What is the highest common divisor of 4 and v?
1
Let s be 2/(-1 + 4 + -2). What is the highest common factor of s and 22?
2
Let v(f) = 8*f**2 - 4*f + 3. Let p be v(1). Let y = 79 + -55. Let z = -17 + y. Calculate the highest common factor of z and p.
7
Let p(k) = k**2 + 2*k - 2. Let h be p(-4). What is the greatest common divisor of h and 3?
3
Let g = -311 + 473. What is the greatest common factor of g and 18?
18
Let g(c) = -9*c + 4. Let v(n) = 8*n - 3. Let a(x) = -5*g(x) - 6*v(x). Let b be a(-5). What is the greatest common factor of 26 and b?
13
Suppose 78*y - 83*y + 40 = 0. Calculate the highest common divisor of 4 and y.
4
Let w be (-13 - -9)*(-57)/(-2). Let o = w - -180. Calculate the highest common factor of 6 and o.
6
Suppose -12*v + 117 = -3*v. Calculate the greatest common factor of v and 91.
13
Suppose -35 = 5*k - 100. What is the greatest common divisor of 91 and k?
13
Suppose -n + 4*k = -4*n + 1056, 704 = 2*n + 2*k. Calculate the highest common divisor of 32 and n.
32
Let v = 23 + 1. What is the greatest common factor of v and 36?
12
Suppose 3*q = -6*s + 3*s + 51, -26 = -s + 2*q. Suppose -25 = -3*v - w + 65, -30 = -v + 5*w. Calculate the highest common factor of s and v.
10
Let j = -1 + 4. Suppose j*q - 8*q + 20 = 0. Suppose 0 = d - q*d + 45. Calculate the greatest common divisor of 75 and d.
15
Let p = -17 + 37. Suppose -18 = 5*u - 68. Calculate the greatest common factor of p and u.
10
Let z(x) = 10*x**3 - x**2 + x. Let l be z(1). Let h(m) = -m**3 - 11*m**2 - 3*m + 7. Let s be h(-11). Calculate the highest common divisor of l and s.
10
Let q be (0 - 2) + (-2 - 0). Let s be (-4 + 20/q)/(-1). What is the highest common divisor of s and 36?
9
Let x(y) = 10*y**2 + 4*y - 3. Let l be x(2). Calculate the greatest common factor of l and 5.
5
Let l = -43 + 70. Suppose -4*i = -5*c - l, i - 5*i + 3*c = -21. Let n be (-27)/i*-11*1. Calculate the highest common factor of 9 and n.
9
Let z(f) be the third derivative of -f**5/60 - f**4/24 + 25*f**3/3 - 2*f**2. Let h be z(0). Suppose -l + 18 = -2. What is the highest common factor of h and l?
10
Let x = 6 - -33. Let t be x + (-1 - -1) + 3. Calculate the greatest common divisor of t and 21.
21
Let t = 45 + -44. Calculate the highest common divisor of 5 and t.
1
Let g(r) = 2*r**2 - 3*r - 2. Let w be g(4). What is the highest common divisor of w and 18?
18
Let w be 6*((-2)/(-3) + 0). Calculate the highest common factor of 4 and w.
4
Suppose -4*n - 3*p + 21 = 2*p, 0 = 3*n + 5*p - 22. Let c be (39/(-9))/(n/21). Calculate the greatest common factor of c and 13.
13
Let f = 25 - 13. Let t(n) = n**3 - 6*n**2 + 5*n + 2. Let s be t(5). Suppose -k = s*k - 252. What is the highest common factor of k and f?
12
Let k be (6/2 + 4)/(-1). Let o = 12 + k. Let h(q) = 18*q - 1. Let r be h(2). Calculate the highest common factor of r and o.
5
Let z = 5 + 85. What is the greatest common factor of z and 36?
18
Let w(q) = -q + 8. Let n be 12/7 + (-2)/(-7). Suppose n*f = -h - h, 5*h = 0. Let i be w(f). Calculate the highest common factor of i and 80.
8
Suppose -2*b - 2*b - w = -143, 5*b - 4*w - 163 = 0. Calculate the highest common factor of b and 5.
5
Suppose 3*w = x - 4*x + 21, 4*w - 17 = -3*x. What is the highest common factor of 121 and x?
11
Let w = -45 + 30. Let c be (-2)/(-1 - 9/w). Suppose -c*u + 5*j = -100, -40 = -4*u + 4*j - 8*j. What is the highest common factor of u and 45?
15
Let c(t) = -4 - 3*t + 2*t**2 + 4*t - 3*t + t. Let w be c(3). Calculate the highest common factor of 33 and w.
11
Let c(i) = -i**2 - 1. Let w(b) = 37*b**2 + 2. Let l = -7 - -11. Let p(n) = l*c(n) + w(n). Let f be p(-2). What is the greatest common factor of 26 and f?
26
Let j(m) = -m**2 + 11*m - 6. Let x be j(8). Calculate the greatest common divisor of x and 90.
18
Let q(i) = -i**3 - 4*i**2 + 16*i - 4. Let p be q(-7). Suppose -2*y + 353 = 43. What is the highest common factor of p and y?
31
Suppose -3*y + h - 5*h + 41 = 0, -3*y + 4*h = -73. Suppose -5*s - 637 = 233. Let d = s + 326. What is the greatest common divisor of y and d?
19
Let i be (-2)/(-10) - 45/(-25). Calculate the greatest common factor of i and 8.
2
Let o be 0 - 1 - (-1 + -4). Calculate the greatest common factor of o and 4.
4
Let x be (5/4)/(1/4). Suppose x*h = -0*h + 70. Suppose -10*s = -5*s - 105. What is the highest common divisor of h and s?
7
Let n = 127 + -111. What is the greatest common divisor of n and 128?
16
Let i be -1 - -1 - (-1 + -3). Let h = 3 + 1. Suppose d - h*r - 20 = 0, 3*r = 3*d - 18 - 6. What is the highest common factor of i and d?
4
Let i(c) = -11*c + 6. Let m be 3/(-1)*4/(-2). Suppose 2*p + 16 = -2*a, 2*p + 0*a = 3*a - m. Let j be i(p). What is the greatest common divisor of 8 and j?
8
Suppose h + 8 = -2. Let f be h/(-4) + (-9)/(-6). Let c be (-136)/(-6) - f/6. What is the highest common factor of c and 11?
11
Let p = 53 + -38. Calculate the highest common divisor of 15 and p.
15
Let h be 2/(1 + -1 - -1). Suppose -250 = 4*w - h*w. Let f = 179 + w. What is the highest common factor of f and 18?
18
Let i be ((-27)/6)/(1/(-2)). What is the highest common factor of 18 and i?
9
Suppose 20 = 5*u, 4*u = 3*n - 1119 + 112. Let k = n - 201. What is the greatest common divisor of 20 and k?
20
Suppose n = -3*c - 10, -3*c + 3 = -3*n - 3. Let l(f) = -3*f**3 + f**2 + 2*f - 2. Let t be l(n). Let p = 64 - 42. What is the greatest common factor of t and p?
22
Suppose m + 18 = -12. Let y be m/(-8)*16/6. Let k(a) = a**3 + 5*a**2 + 3*a + 1. Let u be k(-3). Calculate the greatest common factor of y and u.
10
Let f(n) = -5*n + 8. Let y be f(-2). Calculate the highest common divisor of y and 9.
9
Let f be ((-2)/4*2)/(3/(-75)). What is the greatest common divisor of f and 150?
25
Let z = -21 + 28. Calculate the greatest common factor of z and 1.
1
Suppose 6 = -5*h + 6*h. Suppose 4*b + 2 = h. Calculate the greatest common factor of b and 2